 be b(-27). What is the remainder when y(f) is divided by 11?
9
Suppose -3*c - s = -77, c - 3*s = 9 - 0. Suppose -24 = c*m - 26*m. What is the remainder when m is divided by 3?
0
Suppose 2*d = -4*t + 148, -2*t = 65 - 59. What is the remainder when 396 is divided by d?
76
Suppose 114*q - 189 = 87*q. Let z = -11 - -31. What is the remainder when z is divided by q?
6
Let b = -164 + 346. What is the remainder when b is divided by 84?
14
What is the remainder when 591 is divided by ((-264)/20)/(6/(-15))?
30
Let h(w) = 6*w**2 - 23*w - 72 - 5*w**2 + 62. What is the remainder when h(28) is divided by 22?
20
Suppose 55 = u + 4*u. Let x = 243 - -273. Calculate the remainder when (-1)/2*x/(-6) is divided by u.
10
Suppose -4*s + 3*z = -32, 0 = 4*s - 2*z + 5*z - 8. Suppose 57 = 4*y + s. What is the remainder when y is divided by 5?
3
Suppose 3*g + 310 = 8*g. Let s(y) = 2*y**2 + 3*y - 14. Let x = 102 - 99. Calculate the remainder when g is divided by s(x).
10
Let p = 1389 - 1358. Calculate the remainder when 196 is divided by p.
10
Suppose 4 = -o - 5*g + 15, -g = 2. Calculate the remainder when 30 is divided by o.
9
Let c(f) = 212*f - 231. Calculate the remainder when c(2) is divided by 59.
16
Let y = 24 - 14. Let b(i) = i**2 + 8*i - 15. Let s be b(-15). Suppose 0*g - s = -5*g. Calculate the remainder when g is divided by y.
8
Let n be (-4 - -12)*12/(-16). Let k = n + 10. Suppose -3*d - k + 16 = 0. Calculate the remainder when 5 is divided by d.
1
Suppose 4*o - k = 5*o - 7, 5 = 5*o - 5*k. Suppose b + o = 2*b. Suppose 151 = 5*a - 4*x, -b*x + 0*x - 16 = 0. What is the remainder when a is divided by 15?
12
Let c(s) be the second derivative of -s**4/6 - 19*s**3/6 + 17*s**2/2 + 17*s. Let w = -15 - -34. Calculate the remainder when w is divided by c(-10).
5
Suppose -5*z + 20 + 5 = 0. Let q = 18 - z. Let j = -26 - -49. What is the remainder when j is divided by q?
10
Let o = 57 + -61. What is the remainder when 71 is divided by 33*o/(-6) + (-1 - -4)?
21
Let k(d) = -d**3 + 7*d**2 + 3. Let m be k(7). Suppose 0 = m*g + 4*c - 31, 5*c + 31 = 3*g + g. Calculate the remainder when 17 is divided by g.
8
Let l be 24 - 1 - (1 + 2). Suppose -2*o + 14 = -l. What is the remainder when o is divided by 5?
2
Let i(y) = -3*y + 9. Let g be (-21)/(-84) - 1/4. Calculate the remainder when i(g) is divided by 4.
1
Suppose 6*u - 10*u = m - 58, 5*m - 65 = -5*u. What is the remainder when 71 is divided by u?
11
Let v be -9*(2/6)/((-3)/(-9)). Let q = v + 25. Calculate the remainder when q is divided by 9.
7
Let l = 3 + 1. Suppose 280 = l*z + 6*z. What is the remainder when 109 is divided by z?
25
Suppose 5*g - 27 = -2*h, 3*h + 17 = 4*g - 0*g. Let k = 0 + 0. Suppose k = 4*b + 4*r - 88, -2*r - r = 6. Calculate the remainder when b is divided by g.
4
Let l(m) = 8*m**2 - 6*m - 5. Calculate the remainder when l(5) is divided by 42.
39
Let v(j) = 114*j - 1007. What is the remainder when 220/6 - (-2)/6 is divided by v(9)?
18
Let o = 194 - 95. Calculate the remainder when o is divided by (-8)/((-56)/35)*(-2 - -7).
24
Let k be 0/(2*((-3)/(-2) - 2)). Suppose 0 = -4*n + 4*t - 5 + 109, -n + 2*t + 28 = k. Calculate the remainder when 70 is divided by n.
22
Let h(t) = -t**2 - 13*t + 44. Let k be h(-14). Let s = 4 + k. Calculate the remainder when s is divided by 13.
8
Let w = 47 - 23. Suppose 3*f - 5*f + w = 0. Let v = 1803 + -1757. Calculate the remainder when v is divided by f.
10
Let u be (-2 - (-2 + -1))*0. Suppose 6*l - 96 - 90 = u. Calculate the remainder when 58 is divided by l.
27
Let f be 125/3 - (-20)/(-30). Suppose 3*i + i = -12, 0 = -l + 5*i + f. Calculate the remainder when l is divided by 7.
5
Let f(x) = x**3 + x**2 - x + 6. Let d be f(0). Suppose d*h - 248 = -50. Suppose i = -3*i + 36. Calculate the remainder when h is divided by i.
6
Let j = 6 + 127. Calculate the remainder when j is divided by 46.
41
Let d(c) = -c**2 - 7*c - 1. Let x = 81 + -87. What is the remainder when d(x) is divided by 3?
2
Let i = -75 - -37. Let n = i - -68. Calculate the remainder when n is divided by 14/(-18) - -1 - 284/(-18).
14
What is the remainder when -1 + (-4)/(-2) + 75 is divided by (-1)/(-7) + 0 + (-20313)/(-1281)?
12
Let w = -19 + 38. Suppose -4*a + 296 = -4*g, -4*g + 361 = 9*a - 4*a. What is the remainder when a is divided by w?
16
Let v(z) = -2*z + 63. Let t be v(21). Suppose 267 = 6*p - t. What is the remainder when 94 is divided by p?
46
Suppose 20*o = 16*o. Let p = o - -4. What is the remainder when 6 is divided by p?
2
Let m = -6 + -12. Calculate the remainder when 20 is divided by (-122)/m - (25/9 + -3).
6
Suppose 28 - 68 = -2*b. Suppose -37 = -7*l + 2*l + z, -z = 4*l - 35. Suppose i + 1 = l. What is the remainder when b is divided by i?
6
Suppose -7 - 18 = -5*n. What is the remainder when -1 + n - -53 - -2 is divided by 15?
14
Suppose -2*s + 26 = -4*i + 7*i, 5*s - 65 = 4*i. Suppose -3*p - 5*n + 113 = -p, -2*p + 101 = n. What is the remainder when p is divided by s?
10
Suppose z - 11*y = -8*y + 142, -2*z - 3*y + 311 = 0. What is the remainder when z is divided by 8?
7
Suppose -127 = -4*v - g + 38, 4*v - 180 = 4*g. Suppose -56 = -4*f - 4*j, -4*f - f + 2*j + v = 0. Calculate the remainder when 59 is divided by f.
9
Suppose -2*i + 22 = -0*i + 3*s, -3*s - 6 = 0. Let t be (i/(-4))/7*-4. Suppose 5*k = t*g + 91, -2*k + g = 6 - 43. Calculate the remainder when k is divided by 9.
8
Let a(q) = -57*q + 35*q + 29*q + 29. Calculate the remainder when a(0) is divided by 15.
14
Suppose 2*s = -4*h + 5 + 7, -3*s - 5*h + 19 = 0. Suppose s*x - 48 = 48. What is the remainder when 34 is divided by x?
10
Let o = 175 + -122. Suppose 87 = 10*y - 53. Calculate the remainder when o is divided by y.
11
Suppose -3*x - w + 1158 = 0, w + 1164 = x + 2*x. What is the remainder when x is divided by 78?
75
Let v = 198 + -181. What is the remainder when 51 is divided by v?
0
Calculate the remainder when (101/2)/(2/4) is divided by 8.
5
Suppose -2*l - 4 = -3*l. What is the remainder when 41 is divided by (-6)/(-3 + 4)*(-6)/l?
5
Let n(y) = -y**3 + 4*y**2 + 4*y - 6. Let b = -16 - -13. Let l be 0 - b - 1/(-1). What is the remainder when 19 is divided by n(l)?
9
Let z(c) = c**2 + 10*c - 5. Let g be z(-11). Suppose -97 - 17 = -g*h. What is the remainder when 111 is divided by h?
16
Calculate the remainder when 403 is divided by -45*(-8)/12 + -4 + 3.
26
Calculate the remainder when 165 is divided by ((-168)/32)/((-6)/32).
25
Let s = -31 - -31. Suppose -3 = x + b, s*x = -4*x + 4*b + 12. Suppose 0 = -2*n - x*n + 262. What is the remainder when n is divided by 33?
32
Suppose 22*j = 20*j - 262. Let t = j - -152. Calculate the remainder when 58 is divided by t.
16
Suppose y - z - 9 = 0, -5*z = 2*y - 4*y + 33. Suppose 0 = y*u - 18 - 2. Suppose -u*k = -6*k + 7. Calculate the remainder when 19 is divided by k.
5
Let w(m) = 29*m**3 - 4*m - 3. Let p be w(-1). Let h(b) = -b - 3. What is the remainder when 47 is divided by h(p)?
22
Let f = -10 + 15. Suppose -f*d + 8 = -d. What is the remainder when 11 is divided by d?
1
Calculate the remainder when (-1)/(-2) + (-135)/(-18) is divided by (-2)/(-4) + (-14)/(-4).
0
Let m(z) = 7*z + 51. Let n = -80 - -75. What is the remainder when 59 is divided by m(n)?
11
What is the remainder when -838*((-75)/(-10))/(-15) is divided by 42?
41
What is the remainder when ((-62)/31)/(-2*(-2)/(-208)) is divided by 35?
34
Let s = 7 + 7. Let u(h) be the first derivative of h**4/4 - 4*h**3/3 - 4*h + 7. Calculate the remainder when u(6) is divided by s.
12
Let b(n) = -n**2 - 5*n + 27. Let d be b(-8). Suppose d*x + 21 = 3*a, a + 2*x + 26 = 5*a. Calculate the remainder when (-2)/6*(-1 - 65) is divided by a.
4
Let t = 66 - 24. Suppose t = -5*h + 122. What is the remainder when 94 is divided by h?
14
Let h(g) = 2*g + 5. Let m(p) = p**3 - 5. Let d be m(2). Suppose 0 = -5*z - k + 328, k = -d*z + 4*k + 204. What is the remainder when z is divided by h(6)?
15
What is the remainder when 94 is divided by -3 + 18 + 0 + (-2)/(-2)?
14
Let y = -2531 - -2549. Calculate the remainder when 1308 is divided by y.
12
Let g(a) = -2*a**3 + 21*a**2 - 3*a - 22. Calculate the remainder when g(10) is divided by 13.
9
Suppose 8*b - 7*b - 22 = -4*u, 0 = 4*u - 3*b - 14. Suppose -z = -6*z + 20. What is the remainder when u is divided by z?
1
Let r b